d by v?
1
Let g(y) = 21*y**2 + 24*y + 17. Calculate the remainder when (-1 - 212/2)*-1 is divided by g(-1).
9
Let a(t) = -14*t**3 - 3*t**2 - t**3 - 5 + 17*t**3 - 7*t. Suppose -y + 10 = w, -3*w = -4*y + 4 + 50. Calculate the remainder when a(4) is divided by y.
11
Suppose -114*a + 3487 = 181. Calculate the remainder when 14468 is divided by a.
26
Let o(y) = y**3 - 3*y**2 - y - 8. Let x be o(4). Let c be (-1 + 1)/(1 + x - 4). What is the remainder when 103 - (c + (-3)/(12/(-8))) is divided by 26?
23
Let n be 12/8 - (-138)/(-4). What is the remainder when (-86)/(-5) - 111/555 is divided by (22/n)/(4/(-54))?
8
Let b = 7 + 41. Suppose 7*u - 10*u = -b. Suppose 4*h + 3*s - 32 = 0, h + 3*s = 3*h - u. What is the remainder when 13 is divided by h?
5
Suppose -89 = -h + k + 4*k, 5*h - 4*k = 361. Let y = h + -22. Calculate the remainder when y is divided by 39.
8
Let f(r) = -5*r**2 + 10*r - 7. Let y(m) = 11*m**2 - 20*m + 16. Let s(q) = -9*f(q) - 4*y(q). Calculate the remainder when 239 is divided by s(11).
9
Suppose -u + 4*y - 265 = 0, 0*u + u + 2*y + 241 = 0. Let b = -247 - u. What is the remainder when 9 is divided by b?
1
Suppose -52*i - 11*i = -2583. Calculate the remainder when 855 is divided by i.
35
Suppose -2*h + x = -1962, 4*x + 4902 = 6*h - h. Calculate the remainder when h is divided by 7.
2
Let q = 1697 - 1206. Calculate the remainder when q is divided by 46.
31
Suppose c = 77*x - 75*x - 260, -5*x + 648 = -3*c. Calculate the remainder when 316 is divided by x.
52
Suppose -94*m = -96*m + 3*u + 192, 3*u = -4*m + 366. Suppose 3*v + 0*v = 147. What is the remainder when m is divided by v?
44
Let v(i) = 2*i**3 + 5*i + 25*i**2 + 57*i + 3*i - 118*i - i**3 + 55. What is the remainder when 419 is divided by v(-27)?
27
Suppose -456 = 1930*g - 1934*g. What is the remainder when 361 is divided by g?
19
Let c(a) = -3*a**3 - 2*a**2 - 30*a - 281. Suppose 123 = 2*f + f. What is the remainder when c(-7) is divided by f?
40
Suppose 70*m - 72*m + 62 = 0. Let x(g) = -2*g + 115. What is the remainder when 90 is divided by x(m)?
37
Suppose 0 = -3*z - 0*s - 3*s - 1410, 0 = -4*z + 4*s - 1896. Let r = -300 - z. Calculate the remainder when r is divided by 11.
7
Suppose 0 = -3*p - 20*c + 19*c + 95, 0 = -4*p - c + 126. Calculate the remainder when 1270 is divided by p.
30
Let y(n) = 2*n**2 - 17*n + 97. Let c be y(6). Suppose 5558 = 81*v - c*v. Calculate the remainder when v is divided by 80.
77
Let j(g) = -20*g + 9. Let q be j(-13). Let k = q + -117. Let h = 285 - k. What is the remainder when h is divided by 34?
31
Let j = 1671 - 798. Let l = -819 + j. Calculate the remainder when 149 is divided by l.
41
Suppose -3419*t - 17434 = -3442*t. Calculate the remainder when t is divided by 128.
118
Let v be 268 - (0 - (3 - 1)). Calculate the remainder when 19 is divided by v/495 - (-5)/((-55)/(-16)).
1
Let n(u) = -3*u**2 - 3*u - 1. Let x be n(6). Let a = x - -145. What is the remainder when 67 is divided by a?
13
Let q = 3507 - 3397. What is the remainder when q is divided by 28?
26
Let j(t) = -75*t + 151*t - 75*t - 2. Calculate the remainder when 33 is divided by j(8).
3
Suppose 0 = -5*z + 4*x + 2280, z = -z - 3*x + 912. Let v = 485 - z. What is the remainder when 73 is divided by v?
15
Suppose 8*r - 22*r + 613 = t, -3*r + 135 = -t. What is the remainder when 1363 is divided by r?
43
Let m(n) = 33*n - 172. Calculate the remainder when m(25) is divided by 109.
108
Suppose -3*f + 0*f = -3*p - 1227, -p = 2*f - 803. Suppose 532 + f = 18*z. Let n(t) = t**3 - 3*t**2 + 2*t + 3. What is the remainder when z is divided by n(4)?
25
Let u = 10754 + -10726. Calculate the remainder when 1678 is divided by u.
26
Suppose 12*x - 105 = 15*x. Let v = x + 89. What is the remainder when v is divided by 19?
16
Calculate the remainder when 3/1*-7*48/(-56) is divided by ((-105)/(-28))/(9/12).
3
Let k(x) = x**3 - 6*x**2 + 27*x - 95. What is the remainder when k(11) is divided by 161?
2
Let g = 899 - 901. Calculate the remainder when ((-650)/(-40)*g)/(2/(-20)) is divided by 41.
38
Suppose 2*b - 5*j = 10450, -4*b - 9*j = -11*j - 20884. Calculate the remainder when b is divided by 5.
0
Let r(o) = 2*o**3 - 35*o**2 - 13*o + 26. What is the remainder when r(20) is divided by 25?
16
Let l = -55471 + 55479. Let h = -18 + 46. Calculate the remainder when h is divided by l.
4
Suppose -3*o - t = -2, -5*o + t = 3*t - 4. Suppose -n - 21 - 23 = o. Let b = 53 + n. What is the remainder when 16 is divided by b?
7
Suppose 22*h - 465 + 15359 = 0. Let a = -621 - h. Calculate the remainder when a is divided by 40.
16
Let a = 66 + 3. Let p = a + 33. Suppose 4*l - 104 = 2*l. What is the remainder when p is divided by l?
50
Let j(a) = 9*a. Suppose 4*l - 556 = -5*t, -653 = -4*l + 3*t - 97. Suppose -540 = -7*y + l. What is the remainder when y is divided by j(1)?
7
Let t(f) = 3*f**2 + 98*f - 464. What is the remainder when 746 is divided by t(-37)?
15
Suppose 0 = 4*i - 18 - 2. Suppose 0 = -w + b - 79, -2*w = -5*w + i*b - 235. Let n = w + 117. What is the remainder when n is divided by 5?
2
Suppose 0 = 4*f + 4*h + 6 - 94, 45 = 3*f - 4*h. What is the remainder when f is divided by (5 - 7)/((-2)/3)?
1
Let f = 85 + 432. Suppose -8 = 4*x - 2*x, -2*x + f = 5*c. What is the remainder when 417 is divided by c?
102
Let j(b) = -b**3 + 26*b**2 + 123*b + 4. What is the remainder when j(29) is divided by 70?
68
What is the remainder when 210 - (-45 - 11)/4 is divided by 207?
17
Suppose 0 = -31*t + 65 + 1578. Suppose -t = 2*l - 147. What is the remainder when 89 is divided by l?
42
Let n(c) = -6*c**3 + 112*c**2 - 69*c - 13. Calculate the remainder when 137 is divided by n(18).
14
Suppose -1465 = -4*h - 193. Suppose 27*m = 29*m - 3*b - 4, m + 5*b = 41. Calculate the remainder when (h/9)/(2/3) is divided by m.
9
Suppose 3*i - 49 = 2*i. Suppose -a - 41 = -s, -2*a + 3*a - i = -s. Calculate the remainder when 103 is divided by s.
13
Suppose -7*p + 10 = -9*p. Let a be 3/p - 652/(-20). Let m = a - 22. Calculate the remainder when 18 is divided by m.
8
Suppose -3*a = 3*q + 18, 2*a + 3 - 1 = 0. Let m be (18/(-6) - q)*14/4. Let l(s) = -s**3 + 9*s**2 - 10*s - 1. What is the remainder when 105 is divided by l(m)?
24
Suppose -196 = -3*f - 109. Let l = 0 + f. Calculate the remainder when 81 is divided by l.
23
Suppose -19578 = -28*w + 2*w. What is the remainder when w is divided by (-4)/10 + 96/(-60) + 56?
51
Suppose 28*x + 30*x - 3944 = 0. What is the remainder when 370 is divided by x?
30
Let b(g) = -33*g + 5488. What is the remainder when b(153) is divided by 436?
3
Let p = 25700 + -25406. What is the remainder when p is divided by 8/(-2)*(-118)/8?
58
Let p be 7744/14 + 430/(-70) + 6. Let i = p - 495. What is the remainder when 518 is divided by i?
54
Suppose -4*z = 3*k - 49, -k + 1 = -5*z + 10. Calculate the remainder when 31 is divided by k.
9
Let f(q) = 3*q**2 + 159*q - 54. Calculate the remainder when 129 is divided by f(-54).
21
Let d be 6/5*(-115)/(-46). Suppose 541 - 131 = d*g - i, 5*i - 158 = -g. Calculate the remainder when g is divided by 72.
66
Let b(l) = l**2 - 17*l + 45. Let g be b(14). Suppose -4*s + 10 = 3*h, 0 = -5*s + 4*h + 25 + g. Calculate the remainder when 59 is divided by s.
3
What is the remainder when 374 is divided by (-1 - -13 - 38)*-4?
62
Let i(o) be the first derivative of o**4/2 - 7*o**2 + 5*o + 177. What is the remainder when i(5) is divided by 40?
25
Suppose -31937 + 19080 = -24*v + 11*v. What is the remainder when v is divided by 83?
76
Suppose 144 = -4*i - l + 684, 0 = i - 5*l - 135. What is the remainder when i is divided by (18/84*70/90)/(7/(248 + 4))?
3
Let p(s) be the second derivative of s**5/20 + 29*s**4/12 - 5*s**3/6 - 9*s**2/2 + 86*s. What is the remainder when p(-29) is divided by 45?
1
Suppose -54*z - 31025 + 307237 = -9880. What is the remainder when z is divided by 241?
237
Calculate the remainder when (-33557)/(-3) + (-7 - (1 + (-125)/15)) is divided by 67.
64
Suppose 2*p - 132 = -2*n, -590*n - p = -591*n + 76. Calculate the remainder when 1292 is divided by n.
14
Suppose -6*b + 2451 - 1407 = 0. What is the remainder when b is divided by 40?
14
Let a(h) = 26*h + 5. Let f be a(0). Suppose 240 = f*i + i. What is the remainder when i is divided by 21?
19
Let z = 1682 + -821. Calculate the remainder w